 h(r) = -r**2 + 9*r + 6. Let l be h(9). Suppose -3*t - 4*d + 26 = -47, -3*t + 74 = 5*d. Is (t/4 - l) + (-4458)/(-8) prime?
True
Let r be -5*-3*2/6. Suppose 6720 - 1475 = r*u. Is u prime?
True
Let q(c) = c**3 + 16*c**2 + 30*c + 32. Let h be q(-14). Let j(d) = 197*d**3 + 5*d**2 - 4*d - 11. Is j(h) a prime number?
False
Let s(t) = 9*t - 160. Let x be s(18). Suppose 1008 = x*k + 186. Is k prime?
False
Let u(r) = -7038*r - 2183. Is u(-29) composite?
False
Let c be (-26)/8 - -3 - 36/(-16). Is (4/(16/(-244)))/(c/(-22)) a prime number?
False
Let s = 17 + -15. Suppose 412 = -0*l + s*l. Let u = l - -133. Is u a composite number?
True
Let j(o) = 118*o**2 - 16*o - 115. Is j(-21) composite?
False
Is (4/(-2))/(-1) - (20 + -70021 + -16) a prime number?
True
Suppose 9*a - 62331 = 775182. Is a prime?
False
Let f(r) = r**3 - 115*r**2 + 421*r + 811. Is f(116) composite?
False
Is 1617159/(-5 - -22)*(1 + -2)/(-3) a composite number?
True
Let d be (-2 + 3)*(-1 + 33). Suppose -5 = -d*l + 27*l. Let q(g) = 648*g**2 - 1. Is q(l) prime?
True
Let z(u) = 11*u**3 - 5*u**2 + 4*u + 2. Let f be z(-5). Let j = f - -2297. Is j prime?
False
Let n(x) = -x**3 + 11*x**2 - 15*x + 21. Let v be n(9). Let a be 18/(-5)*(-1280)/v. Let q = a - -19. Is q composite?
True
Let l(f) be the second derivative of 181*f**3/3 + 57*f**2/2 + 7*f - 1. Is l(5) prime?
True
Let w = 10456 - 7025. Is w prime?
False
Let c(x) = -11*x**2 - x**3 + 0*x**3 - 36*x - 28 - 30*x**2 - 59*x. Is c(-39) prime?
False
Let c be 2/(-8) + 169/52. Suppose 2*n - 4 + 6 = 0, 0 = -c*t + 5*n + 212. Is t a prime number?
False
Let p = -116 + 114. Is (-94)/141 - p/(12/11038) composite?
True
Let w(g) = -4*g**3 - 2*g**2 + g + 2. Let f be w(-1). Suppose -4*l + o = -7, -4*l + 2*o = -o + f. Suppose l*x - 5856 = -1785. Is x a composite number?
True
Is 21/6*(-5670108)/(-378) a composite number?
False
Suppose f - 2*b + 30 = -5*b, 70 = -2*f - b. Let v = f - -39. Suppose -v*r + 609 = -0*r. Is r a composite number?
True
Suppose 10*q - 14 + 14 = 0. Suppose 18*w + 27*w - 143145 = q. Is w prime?
True
Suppose -2*c = c - 48. Let n be c/12 + (-947)/(-3). Suppose -1431 = -2*x - n. Is x prime?
True
Let k be (-2*1)/(2/(-1612)). Suppose -s = -36*r + 39*r + 15, -5*r - 30 = 0. Suppose -s*b + k = 649. Is b composite?
True
Let u(t) be the first derivative of 93*t**4/2 + t**2/2 + 2*t - 32. Is u(3) composite?
True
Let q(h) = 4*h - 22. Let r be q(5). Let z be (1 - r) + 15 + -14. Suppose -6*v + 5218 = -z*v. Is v a composite number?
False
Suppose -5*c - 2*h - 19 = 0, -3*h + 0*h - 6 = 3*c. Let q(x) = -663*x - 6. Is q(c) composite?
True
Suppose -4*m - 11 = -31. Suppose m = q + 1. Suppose q*x - 464 = -4*s, 5*x - 62 = s + 536. Is x composite?
True
Let h(q) = 2*q**3 + 130*q**2 - 29*q + 150. Is h(-17) prime?
True
Let j(s) = -54701*s - 1150. Is j(-4) prime?
False
Let l = -141636 + 211903. Is l a composite number?
True
Let n = 3425 - -1086. Is n a composite number?
True
Suppose 38*v - 1484534 = 2885808. Is v a composite number?
True
Let h(r) = -7*r**2 - 8*r + 41. Let a(b) = 4*b**2 + 4*b - 21. Let c(k) = 11*a(k) + 6*h(k). Let s(q) = -6*q - 83. Let p be s(-13). Is c(p) composite?
True
Let f(x) = 36189*x**2 - 27*x + 25. Is f(1) a prime number?
True
Suppose 2*t + 44 = 50. Suppose -t*m + 2*v = -8*m + 18, 5 = -5*v. Suppose -m*b + 79 = -13. Is b a prime number?
True
Is (21*8/(-56))/((-2)/399614) a prime number?
False
Let d = -327404 - -483787. Is d composite?
True
Suppose -62*t - 18980754 = 69*t - 157*t. Is t a composite number?
True
Is (-6)/14 + 11031202/637 a prime number?
True
Suppose 4501570 = 14*v + 3*v - 2101111. Is v prime?
False
Let d(l) = 13*l + 97. Let w be d(-7). Is 12145 - (w + 28/(-7)) composite?
False
Suppose -70*s + 66*s = -92452. Suppose -3*m = 4*k - 8807 - 5048, 0 = 5*m - 4*k - s. Is m a prime number?
True
Let y be 10 - 0 - -3*(-2)/(-3). Suppose -3*v - z + y = 0, -2*z = -2*v + z + 8. Is (v + 55)/((-1)/(-5)) composite?
True
Let a = -448249 - -675978. Is a a prime number?
True
Let x(s) = 307*s + 296*s + 68 - 572*s. Is x(14) prime?
False
Let f(d) = 19*d**3 + 18*d**2 - 5*d + 3. Let l(m) = -18*m**3 - 16*m**2 + 4*m - 3. Let p(y) = -5*f(y) - 6*l(y). Let v = 24 + -17. Is p(v) composite?
True
Suppose 0 = -4*z + 3*z. Suppose z = -x + 5 - 3. Suppose x*i - 116 = 120. Is i a composite number?
True
Suppose 4*s = j - 56, -4*s + 0*s = 8. Is 3 + 8497 - (-3 - j/(-8)) a prime number?
False
Suppose 5*m = -4*r + m + 97732, -3*r = -4*m - 73271. Suppose -15*o - r = -18*o + 4*k, -3*o + 2*k + 24429 = 0. Is o composite?
True
Let q be (-9)/(-6)*2/(-3). Let g be 7*(2 + -4 - q). Is (402 - g)/(2 - 1) composite?
False
Let h(q) = q**2 - 3*q + 2. Let v be h(3). Let s be ((-66490)/(-427))/((-2)/(-14)). Suppose -s + 318 = -v*g. Is g a prime number?
False
Suppose 3*o = -h + 2, o + 2*o - 58 = -5*h. Suppose -6 = -4*u + 2*s, 5*u - h = -3*s - 1. Is 1347/9 + u/(-3) prime?
True
Let d be 19/(2261/(-14)) - (-1422001)/17. Suppose 5761 - d = -18*k. Is k composite?
False
Suppose 2*z = -3*k + 103686 + 63283, 4*z = -28. Is k composite?
False
Let d(m) = -m**2 + 22*m - 26. Let u(g) = -12*g - 3. Let o be u(-2). Let q be d(o). Is (-3 + (-1 - q))*499 a prime number?
True
Is ((-15)/4)/(((-9)/24)/(147398/4)) a composite number?
True
Let f(t) = -1109*t - 15. Let n be f(-3). Suppose i - n = -797. Suppose 0*k = k - 5, -i = -5*v + 2*k. Is v a composite number?
True
Suppose 5534 + 3202 = 13*m. Is 1/(2/(2/1)) + m composite?
False
Suppose -n = -2*j + 930311, -94*n = 5*j - 92*n - 2325737. Is j a composite number?
False
Let g(u) = -6*u - 31. Let r be g(-6). Is r/(-1 - 3432/(-3428)) composite?
True
Suppose 3*f + 85 = 3*v - 2*v, 5*f + 3*v = -151. Let t = f + 30. Is 12*4 - 1/t a prime number?
True
Suppose 0 = 7*r + 15483 - 25302 - 100270. Is r a composite number?
False
Let n(a) = a**3 - 4*a**2 + 7*a - 26. Let w be n(4). Is (1697 - w)*(-88)/(-20) + -4 a composite number?
True
Let f(v) = 620975*v + 5543. Is f(12) a composite number?
False
Let v = 2 - -1. Let z = 2173 - 916. Suppose -i + z = 5*d + i, v*i = 5*d - 1277. Is d a composite number?
True
Let s(b) = -b**3 - b**2 - 31*b + 71215. Is s(0) a prime number?
False
Let x be (-117)/18 + 1/2. Let s(c) = -28*c + 1. Let q be s(x). Suppose 0 = 5*m - 2*g - 259, q = 4*m - 2*g - 37. Is m prime?
True
Let w(n) = -65*n**2 - 36*n + 25. Let d(c) = -66*c**2 - 34*c + 25. Let m(t) = 2*d(t) - 3*w(t). Is m(9) a composite number?
True
Let a = 9 - 9. Let h(f) = 4*f - 84. Let w be h(21). Suppose 2*r + a*r + 3*n - 2801 = w, 3*r - 3*n = 4194. Is r a composite number?
False
Let d be 7*2*-1*(-5)/10. Let r(p) = 232*p - 89. Is r(d) composite?
True
Let q be ((-4)/(-24))/((-14)/21)*4. Let t = -1 + 0. Is q + 13 + t - (-80)/40 composite?
False
Let o(y) = 9817*y**2 - 369*y + 2935. Is o(8) prime?
False
Let s(b) = 5522*b - 3387. Is s(13) a composite number?
False
Let i(d) = -230 + 52*d**2 + 1 - 112*d**2 + 47*d + 75*d**2. Is i(-36) a prime number?
True
Suppose 37*p = -61*p + 2660014. Is p a composite number?
False
Suppose -196*b + 104*b = -118*b + 379366. Is b a prime number?
True
Is (19/(-95) - 0)*(-190344 - 1) composite?
False
Let a be 56/10 - (-39)/(-65). Suppose 8*i - 3*w = 6*i + 2233, -15 = -a*w. Is i prime?
False
Let x(i) = 73335*i**2 + 3*i + 1. Is x(1) a prime number?
False
Let z(d) = 343410*d**3 + 10*d**2 - 28*d + 19. Is z(1) composite?
False
Suppose 5*y - 3*h = 43, -5*y + h + 46 = -5. Suppose o + y*o = -12. Is -16 + 14 + o/((-1)/1147) a composite number?
True
Let k(q) = 123*q**3 - 6*q**2 + 258*q - 1286. Is k(5) a composite number?
True
Let x(s) = 271*s**2 + 1166*s - 36. Is x(47) composite?
True
Let l(j) = -41*j + 5. Suppose -16*u + 11*u = -70. Let n be ((-8)/(-14))/((-4)/u). Is l(n) a composite number?
True
Is 945445 + 11/(-66)*6 - (-4 - 1) prime?
False
Suppose -44 = 5*t - 74. Suppose -t*s + 3*s - 9 = 0, -s = 2*y - 4035. Is y prime?
False
Let n(j) = -j**3 - 3*j**2 + 2*j - 40. Let k be n(21). Let g = k - -18297. Is g a prime number?
False
Let k = 75553 + 12370. Is k prime?
False
Let z = 70602 - -24209. Is z a composite number?
False
Let n(l) = l**2 - 24*l - 317. Let x be n(-9). Is 4/(32/x) - 136050/(-12) a prime number?
False
Let y be (39/(-26) - (-2 - 0))*-4. Is (1/y)/((-1052249)/(-105226) - 10) composite?
False
Let g(y) = -y**3 + 10*y**2 - 2*y + 29. Let n be g(10). Is 6 - (-17369 - 18/n) prime?
True